132
In base 11, what is 704 - -a06?
160a
In base 4, what is -13002121 - -10?
-13002111
In base 16, what is -dd - -24f?
172
In base 10, what is -7 - 90531?
-90538
In base 6, what is 352 + 110330?
111122
In base 11, what is 94a0 + -10?
9490
In base 4, what is -1 + -33233222?
-33233223
In base 11, what is 177007 + 4?
177010
In base 6, what is -1305121 + 14?
-1305103
In base 2, what is -1000110 - -11010010?
10001100
In base 13, what is 4 + -220aa?
-220a6
In base 11, what is -2 - 80495?
-80497
In base 4, what is -102131022 - -2?
-102131020
In base 4, what is -30320333 + 113?
-30320220
In base 2, what is -111101110000010110 + -11?
-111101110000011001
In base 11, what is 1a + -356?
-337
In base 12, what is 2 + -113757?
-113755
In base 7, what is 6 + -262?
-253
In base 15, what is -1 + -74015?
-74016
In base 8, what is -270 + -5256?
-5546
In base 5, what is -4331401 + 2?
-4331344
In base 14, what is -21 - -474?
453
In base 16, what is -179 - 57?
-1d0
In base 5, what is -2301 - 1224?
-4030
In base 8, what is 20765 + -117?
20646
In base 8, what is -1726 - -27?
-1677
In base 16, what is -1e4 + 76?
-16e
In base 9, what is 4 + 586134?
586138
In base 12, what is -a77 - 2?
-a79
In base 14, what is -c - -a01a?
a00c
In base 13, what is 4 - -41a5b7?
41a5bb
In base 6, what is -20020502 + 0?
-20020502
In base 3, what is -221211 - 1011?
-222222
In base 16, what is -ee - 38e?
-47c
In base 12, what is 10 + -43166?
-43156
In base 14, what is 2 + 15cd30?
15cd32
In base 2, what is 1000 - -111011000000?
111011001000
In base 10, what is 15800 - 24?
15776
In base 12, what is 1 - -197018?
197019
In base 7, what is 35 - 240423?
-240355
In base 15, what is -11b1 - 5?
-11b6
In base 14, what is 104b6 - -5?
104bb
In base 4, what is -2110 - 1313?
-10023
In base 10, what is -844 - -920?
76
In base 6, what is 15354 - 1?
15353
In base 11, what is 3477 + -1?
3476
In base 11, what is 46 - 99?
-53
In base 13, what is 60 + -c0?
-60
In base 8, what is -255341 - -15?
-255324
In base 16, what is 7f91d + -3?
7f91a
In base 12, what is -1 - 175?
-176
In base 10, what is 4 + -17677?
-17673
In base 7, what is -20341 + -313?
-20654
In base 15, what is 5 - -1ded0d?
1ded13
In base 14, what is 4664 + -27?
463b
In base 8, what is 63 + 6253?
6336
In base 8, what is -11 + 471?
460
In base 9, what is -510 - 5608?
-6218
In base 3, what is -1010 + 222110122?
222102112
In base 14, what is -cb9 - 2?
-cbb
In base 13, what is -1b + b57?
b39
In base 9, what is 63128 + 3?
63132
In base 13, what is -3 - 335325?
-335328
In base 8, what is 26 + 23200?
23226
In base 16, what is -5d + 2229?
21cc
In base 5, what is -13142 + 11?
-13131
In base 8, what is 555 + 335?
1112
In base 3, what is 12210200 - -1120?
12212020
In base 10, what is -89683 - 4?
-89687
In base 13, what is 4cb86 + 6?
4cb8c
In base 14, what is 332847 - -3?
33284a
In base 4, what is -1 - 121011031?
-121011032
In base 13, what is 0 - -a133?
a133
In base 9, what is -5 + -6580?
-6585
In base 6, what is 21 - -13034240?
13034301
In base 10, what is 283 - 682?
-399
In base 3, what is 122 - -21102200?
21110022
In base 4, what is 10111 - -21222?
31333
In base 2, what is 11100101000001101 - -11011?
11100101000101000
In base 4, what is 3011001 - 120?
3010221
In base 6, what is 1204550 + 4?
1204554
In base 3, what is -200122122210 + -2?
-200122122212
In base 13, what is -1 + 134137?
134136
In base 7, what is -2 + 62240?
62235
In base 16, what is 17b3 + -d?
17a6
In base 11, what is 32 + 371?
3a3
In base 14, what is 10629 - 10?
10619
In base 9, what is -1 + -805626?
-805627
In base 13, what is -b + 4a51?
4a43
In base 8, what is -122255 + -4?
-122261
In base 10, what is 75133 - -4?
75137
In base 6, what is 0 + 143111?
143111
In base 11, what is 1a00 + 4?
1a04
In base 12, what is -92a78 + -2?
-92a7a
In base 5, what is -112 - -2310?
2143
In base 2, what is -110010110001110 - 1000001?
-110010111001111
In base 8, what is 20 + -3412?
-3372
In base 11, what is -159375 - 2?
-159377
In base 9, what is 830 - 2536?
-1606
In base 8, what is -40 - 76?
-136
In base 2, what is 110 - 11110001111001?
-11110001110011
In base 2, what is -11 + 1010111101000000001?
1010111100111111110
In base 11, what is -4a - -8a96?
8a47
In base 13, what is -185 - -100?
-85
In base 10, what is 33674 + -5?
33669
In base 13, what is 9410 - -32?
9442
In base 8, what is 106 - -4531?
4637
In base 13, what is 97b + -102?
879
In base 11, what is 2500 - 14?
2497
In base 15, what is -2a9393 + -1?
-2a9394
In base 15, what is -3 + -583c2?
-583c5
In base 10, what is 0 - -78782?
78782
In base 10, what is 66 - 472?
-406
In base 2, what is -1001010100110100010010 - -1?
-1001010100110100010001
In base 11, what is -a03302 + 4?
-a032a9
In base 7, what is 223 + -54?
136
In base 5, what is -212134 - 2010?
-214144
In base 5, what is -303001440 + 10?
-303001430
In base 2, what is 100111101000 + -11101?
100111001011
In base 12, what is 5 + 103b40?
103b45
In base 5, what is -3133244 - -10?
-3133234
In base 9, what is 18 - -20602?
20621
In base 9, what is -53 - 1457?
-1521
In base 7, what is -4 - 3315222?
-3315226
In base 8, what is 6 + 1014170?
1014176
In base 11, what is 5963 + 0?
5963
In base 10, what is 5640478 - -3?
5640481
In base 2, what is 11000 - -100000100100010?
100000100111010
In base 8, what is 4 + 2003?
2007
In base 14, what is -12 - 93c98?
-93caa
In base 6, what is -1520 + -15335?
-21255
In base 16, what is 10 - -14a8?
14b8
In base 16, what is 1 + e1b?
e1c
In base 11, what is 1 - -10931?
10932
In base 13, what is -1a - a01?
-a1b
In base 14, what is 38 + -44?
-a
In base 8, what is -1336 - 23?
-1361
In base 11, what is 12117 - 7?
12110
In base 8, what is 14011 + 2?
14013
In base 11, what is 4 - -45745?
45749
In base 10, what is -1930 - -67?
-1863
In base 10, what is 2 + 13558?
13560
In base 3, what is -1 - 20122221201?
-20122221202
In base 11, what is 5 - -10270?
10275
In base 15, what is -4 - 30bbb?
-30bc0
In base 6, what is -11 + -2413043?
-2413054
In base 7, what is -10 - -15050?
15040
In base 15, what is 831d01 + 4?
831d05
In base 4, what is 2030 + -10031?
-2001
In base 4, what is -2203301 - -23100?
-2120201
In base 9, what is 6684 - 25?
6658
In base 5, what is 3204134 - -2?
3204141
In base 12, what is -a9 - -1563?
1476
In base 2, what is 10 + 10101101011111?
10101101100001
In base 14, what is -4 + 7c3a1?
7c39b
In base 2, what is -101 - 10100001000100?
-10100001001001
In base 10, what is 3 - -16208?
16211
In base 13, what is 5115 - -7?
511c
In base 2, what is -1000000000101000 + -111100?
-1000000001100100
In base 16, what is c22 + -4c?
bd6
In base 8, what is 70274 + 4?
70300
In base 6, what is 4324 - 11530?
-3202
In base 5, what is -30 - 432441?
-433021
In base 2, what is -10000000100 - 11000111000?
-101000111100
In base 10, what is 194040 - -3?
194043
In base 6, what is 340 + 30004?
30344
In base 9, what is -5826 - 5?
-5832
In base 11, what is -3431a - -15?
-34305
In base 2, what is 1000100100 + 10000?
1000110100
In base 7, what is 13325005 - -3?
13325011
In base 13, what is 5b229 + -1?
5b228
In base 10, what is -329031 + -7?
-329038
In base 16, what is -3 + 81ac?
81a9
In base 13, what is -653 + -39a?
-a20
In base 15, what is -2 - 4232?
-4234
In base 13, what is -29c9 - 8?
-2a04
In base 2, what is 1101 - 11111101111010000?
-11111101111000011
In base 5, what is 11 - 141211?
-141200
In base 8, what is 7 + 1222310?
1222317
In base 14, what is -486 - 1?
-487
In base 5, what is -24 - -132?
103
In base 13, what is 242 - -1cb?
440
In base 10, what is 1 + -29968?
-29967
In base 8, what is 212 + -345?
-133
In base 13, what is 3a0aa + 1?
3a0ab
In base 10, what is 11 - 5759?
-5748
In base 9, what is -8 + 4137?
4128
In base 6, what is -1214112 + 3?
-1214105
In base 7, what is -5 - 60022?
-60030
In base 3, what is -1120122 - 10111?
-1201010
In base 15, what is -1334 - -1a9?
-117a
In base 5, what is 2110 - -1141?
3301
In base 7, what is 3444 + -232?
3212
In base 3, what is -122121000122002 - 11?
-122121000122020
In base 6, what is 14 - 21442?
-21424
In base 10, what is -268 - 704?
-972
In base 2, what is -110110011011110110 - 101?
-110110011011111011
In base 5, what is -10430 - -204?
-10221
In base 16, what is 5 - 373c?
-3737
In base 9, what is 0 - -2830723?
2830723
In base 14, what is 127 - -1b45?
1c6c
In base 6, w